. Calculate the greatest common factor of k and 1792.
14
Let p(o) be the third derivative of o**5/30 + 5*o**4/6 + 11*o**3/3 - 2*o**2 + 19*o. Let q be p(-10). What is the greatest common divisor of q and 33?
11
Let l be 1830/(-51) + 8/(-68). Let s = l - -40. Suppose s*b = 32 + 24. Calculate the greatest common divisor of 14 and b.
14
Let d be (44/(-7))/(-22) - (-2 - 96/7). What is the greatest common divisor of 498 and d?
2
Let m = -138 + 170. Let j be (-2)/(-4) + 656/m. Let w(v) = 6*v**3 - 3*v**2 + 3*v + 3. Let y be w(3). Calculate the highest common divisor of j and y.
21
Let w be (-92)/4*-3*22/33. Calculate the highest common divisor of 5313 and w.
23
Let d be (-267)/(-2314) - 237946/(-52). What is the highest common divisor of 308 and d?
44
Suppose 2*k - 8*k = -30. Suppose -3*x + 2*x = -3*g - 374, -k*x - 3*g = -1906. Suppose -4*m + x = -2*m. Calculate the greatest common divisor of m and 38.
38
Let f(g) = 22*g**2 + 28. Let o be f(0). Suppose -o*a + 735 = -13*a. What is the highest common divisor of a and 539?
49
Let t(s) be the second derivative of -s**5/10 - 7*s**4/12 + 4*s**3/3 + 17*s**2/2 + 3*s - 35. Let a be t(-7). What is the greatest common factor of a and 16?
16
Let v be 2/((-20)/(-606)) - 6/(-15). Suppose v*r - 190 = 56*r. Let y = -22 + r. What is the greatest common divisor of y and 56?
8
Suppose -47*l = -243 - 885. Suppose -7*o = -12*o + 280. Suppose -5*j + o + 104 = 0. Calculate the greatest common divisor of j and l.
8
Let j = -204 + 197. Let d(w) = -10*w**2 - 69*w + 12. Let r be d(j). What is the highest common factor of r and 5?
5
Let v = 458 + -399. Suppose -4*w = c - 2129, -5*w - 2*c + 2134 = -w. What is the highest common divisor of w and v?
59
Suppose 5*l - 1200 = -n, -3*l + 5*l - 480 = -4*n. What is the highest common factor of 1360 and l?
80
Let h = 2185 + -1353. What is the greatest common factor of h and 351?
13
Let o be ((-135)/(-225))/((-4)/5 + 1). What is the greatest common divisor of 4134 and o?
3
Let a be ((-3)/(-1))/((-6)/(0 - 18)). Suppose 5*r = 3*f - 461, -a*f + 14*f = -3*r + 757. What is the greatest common divisor of 19 and f?
19
Suppose u = 23 + 4. Suppose 39*f = 180 + 15. Let w be u/f + (-2)/5. Calculate the highest common factor of 2 and w.
1
Let p be 0 + 2 + 1 - (-2 + -1). Suppose 5*q - 30 = -p*i + i, -4*i + q + 24 = 0. Let b = i - -12. What is the highest common factor of 12 and b?
6
Let d = -67 + 70. Suppose -d*q + 168 = 2*o, 107 = 3*o - q - 134. Let i = o - 11. Calculate the greatest common divisor of 14 and i.
14
Let v = 338 + -265. Suppose -v + 569 = 16*m. Calculate the highest common divisor of m and 930.
31
Let x = 4 + 24. Suppose -29*u + 111604 = 110792. Calculate the greatest common divisor of u and x.
28
Let q be 16 - (-5 + (-8)/(-4) - -6). What is the greatest common factor of q and 325?
13
Let t(k) = k**2 + 14*k + 118. Let a be t(-15). Suppose 3*r + 10 = 31. What is the highest common divisor of a and r?
7
Let x = -8195 + 8314. What is the greatest common factor of 511 and x?
7
Suppose q + 5*x = 440, -67*q + 64*q - 4*x = -1353. What is the greatest common divisor of q and 585?
65
Suppose 0 = -29*v + 16067 - 14965. What is the greatest common factor of 5491 and v?
19
Suppose 40*h - 97 = 20*h + 63. What is the highest common divisor of h and 196?
4
Let w = 18 + 6. Let t be (618/9)/((-2)/3)*3. Let y = t + 365. Calculate the highest common divisor of w and y.
8
Let d be (1967 + 2)*(-14 - (7 + -22)). What is the highest common factor of d and 11?
11
Let a(h) = -h**2 + 36*h + 114. Let b be a(44). Let x be b/(-14)*4/((-4)/(-3)). What is the greatest common factor of 3 and x?
3
Let h = 46 - 12. Let r be 10/(-2)*(-4 - -13). Let a be (-3819)/r - (-8)/60. Calculate the highest common factor of h and a.
17
Let l be 2/(-10) + 54/(-30). Let n be ((-8)/(-10))/(l/(-35)). Suppose -4*s + 8 = 0, -5*y + 0 = 2*s - 74. Calculate the highest common divisor of n and y.
14
Let d be (-3)/((-156)/(-51) + -3). Let p = 19 - d. Suppose -3*v + p = 7. Calculate the highest common factor of 84 and v.
21
Let k = -556 + 616. Suppose -k = -19*g + 16*g. Calculate the greatest common divisor of g and 220.
20
Let j(a) = -106*a - 173. Let x be j(-2). What is the highest common factor of x and 48?
3
Let u(b) = -b - 3*b**2 - b - 14*b + 4*b**2 - 54 - 45. Let p be u(22). Calculate the greatest common divisor of 44 and p.
11
Suppose 9*h - 41280 = -21*h. What is the greatest common divisor of h and 96?
32
Let x(y) = 84*y - 9408. Let w be x(114). Calculate the greatest common factor of w and 3000.
24
Suppose -65*l + 7956 = 81*l + 10*l. What is the highest common factor of 2567 and l?
17
Let r = 348 + -228. Let i = 277 - 262. What is the greatest common divisor of r and i?
15
Suppose -4*z - 5*c = -148, -3*c = 4*z + 94 - 250. Let d be 74 + (-3 + 4 - 4). Suppose -61*n - 630 = -d*n. Calculate the highest common factor of z and n.
21
Let l = 17600 - 17473. Calculate the highest common factor of l and 31877.
127
Suppose 3*w - 78 = 30. Let p = w - 31. Suppose -5*o = -4*y - 71, p*o - 62 = -3*y + 16. What is the highest common divisor of 60 and o?
15
Let m(v) = v**2 - 113*v - 5826. Let h be m(156). What is the highest common factor of h and 10?
2
Suppose -200 = -0*d - 5*d. Suppose -4*n + 64 = 2 - 2. What is the greatest common divisor of n and d?
8
Suppose 7058805 = 268*g - 3238781 + 331202. Calculate the greatest common factor of g and 12.
12
Suppose -5 = -5*t + 20. Suppose -t*b + 140 = -0*b. Let w(f) = 12*f**2 - 102*f + 72. Let r be w(10). What is the highest common divisor of b and r?
28
Let u = 2187 + -2082. Calculate the highest common divisor of u and 2660.
35
Let w be (-20)/12 - (-2 + (-940)/15). Suppose -7*m + 49 + w = 0. Calculate the greatest common divisor of 208 and m.
16
Let f = -5023 - -11509. Calculate the highest common divisor of 138 and f.
138
Suppose i - 235 = 4*y, -2*i + 3*y + 38 + 447 = 0. What is the greatest common divisor of 208 and i?
13
Suppose -w + 1 = 0, -5*w - 1701 = 5*o - 6*w. Let r = o + 375. What is the highest common divisor of 55 and r?
5
Let j be (-2)/(-52)*-4 + (-41)/(-13). Suppose -71 = -4*q - z, 2*z - 6 = -j*q + 41. Calculate the greatest common divisor of q and 209.
19
Suppose -15 = p + 4*s, -26*s + 15 = -29*s. What is the highest common divisor of 445 and p?
5
Let u be (-19)/(-1) + -5 + (5 - 3). Let s = u + -13. Suppose 4*l - 100 = -5*z, -s*l = -0*z - 4*z - 75. What is the highest common divisor of l and 200?
25
Let s(k) = -12*k - 7. Suppose -p = -3*p - 5*d - 12, 5*d = -10. Let w be s(p). What is the highest common factor of w and 10?
5
Let j be 3 + 0 - 6 - -3. Suppose -2*u + 23 - 9 = j. Let b(a) = -a**2 + 43*a - 245. Let q be b(36). Calculate the highest common divisor of u and q.
7
Suppose 156839 = 15*n - 7861. Calculate the highest common divisor of 180 and n.
180
Let u(r) = 4*r**2 - 273*r - 1397. Let o be u(-5). Calculate the highest common divisor of o and 7412.
68
Let r(p) = 92*p**3 - 6*p**3 + 2*p**2 - 10*p**3 - 5*p + 4*p. Let g be r(1). Let l = 121 - g. What is the greatest common factor of 4 and l?
4
Suppose 4*b = -0*w - 2*w + 462, 0 = 3*b + w - 348. Suppose -282*x + 11916 = -32076. Calculate the greatest common factor of x and b.
39
Let q be 9/((-81)/(-14400))*((-36)/30 - -6). Calculate the highest common divisor of q and 160.
160
Let r = 7966 - 7318. Calculate the highest common divisor of r and 288.
72
Suppose -7*t = -5*t + 8, 0 = 2*f + 5*t - 136. Suppose 4*j + 157 = -3*x, -3*x + j - f - 104 = 0. Let k = x + 159. What is the highest common factor of k and 25?
25
Let j = 208 + -210. Let n = -18 + 25. Let m be j/7 - ((-93)/n - -3). What is the highest common factor of m and 15?
5
Let o be 124860/150 + 2/(-5). Let l = -572 + o. What is the greatest common divisor of l and 80?
20
Let m be 42014/16 - 47/(-376). Suppose 0 = i + 4*b - 506, -5*i + 4*b = -0*b - m. What is the greatest common factor of i and 18?
18
Let c = -784 + 597. Let z = -62 - c. What is the highest common divisor of z and 200?
25
Let y be (-1)/(-2)*(-119 - 3/3). Let t be (-6 + y/8)*-7*2. Calculate the highest common divisor of t and 7.
7
Let a be (2/2)/((-178)/(-9256)). Let f be (-4)/6*234/(-4). Suppose 0*k - 3*k = -f. Calculate the greatest common factor of a and k.
13
Suppose w = -9*w + 5130. Let l = w - 447. Calculate the high